{"id":841,"date":"2022-09-03T05:58:33","date_gmt":"2022-09-03T05:58:33","guid":{"rendered":"https:\/\/www.bendnijezanju.rs\/?page_id=841"},"modified":"2022-09-03T06:00:21","modified_gmt":"2022-09-03T06:00:21","slug":"o-bendu","status":"publish","type":"page","link":"https:\/\/www.bendnijezanju.rs\/index.php\/o-bendu\/","title":{"rendered":"O bendu"},"content":{"rendered":"<p>Grupu NIJE ZA NJU su osnovali veterani koji su svirali krajem osamdesetih pocetkom devedestih, a onda se ta pri\u010da prekinula odlaskom u vojsku, studijama, zaposlenjem i spletom razlicitih okolnosti nas odvela razli\u010ditim putevima.<\/p>\n<p>Kao entuzijasti, predvodjeni Tozom basistom i samnom kao glavnim autorom, ponovo smo se okupili krajem 2017. godine i po\u010deli smo sa probama, stvaranjem novih ali i o\u017eivljavanjem starih pesama.<\/p>\n<p>Muzika pripada nekom pop\/rock \u017eanru koji pro\u017eima prepoznatljiva nota 80\u2019tih, uz nagla\u0161enu rif gitaru, a pesme su uglavnom emotivnog karaktera.<\/p>\n<p>Obzirom da su svi \u010dlanovi benda zaposleni a u proseku imaju oko pola veka starosti , muzika koju stvaramo sa jedne predstavlja ventil koji osloba\u0111a svu problematiku i pritiske svakodnevnog \u017eivota, a sa duge akumulira pozitivnu energiju i neke nove dimenzije.<\/p>\n<p>Vrlo zanimljivu stvar \u010dini to koliko se infrastruktura za stvaranje muzike, u tehnolo\u0161kom smislu, promenila u odnosu na periode kada smo mi po\u010dinjali. \u0160kole pevanja i sviranja, tribute bendovi, takmi\u010denja u pevanju, sve to \u010dini mi se vodi ka manjoj inventivnosti i razvoju mladih ljudi u svetu muzike. Muzika kao grana umetnosti, sve vi\u0161e gubi umetni\u010dku notu i postaje ma\u0161inerija za \u0161tancovanje. Mi kao bend smo uplivali u reku muzike sa dosta bendova po godinama nama sli\u010dnih. Kada pogledate prostore po kojima se svira retko da \u0107ete videte klince od 16 \u2013 25 godina.<\/p>\n<p>Bend NIJE ZA NJU nije imao nastupe i zaokru\u017een je uglavnom kao ispunjenje nedovr\u0161enih stvari iz nekog prethodnog vremena. Planovi su da se odradi projekt kombinacije starih i novih pesama kroz neki album.<br \/>\n\u010clanovi benda su Slobodan Bogdanovi\u0107 Toza \u2013 bas, Jani\u0107ijevi\u0107 Du\u0161an Duca \u2013 gitara, Aleksandar \u0160o\u0161evi\u0107 \u0160ole \u2013 klavijature, Aleksandar Jovi\u0107 -klavijature 2, Goran Ljuboja \u2013 bubanj, Jovana Kova\u010devi\u0107 kao beck vokal i Branimir Kne\u017eevi\u0107 Brana \u2013 glavni vokal.<\/p>\n","protected":false},"excerpt":{"rendered":"<p>Grupu NIJE ZA NJU su osnovali veterani koji su svirali krajem osamdesetih pocetkom devedestih, a onda se ta pri\u010da prekinula odlaskom u vojsku, studijama, zaposlenjem i spletom razlicitih okolnosti nas odvela razli\u010ditim putevima. Kao entuzijasti, predvodjeni Tozom basistom i samnom kao glavnim autorom, ponovo smo se okupili krajem 2017. godine ...<\/p>\n","protected":false},"author":1,"featured_media":0,"parent":0,"menu_order":0,"comment_status":"closed","ping_status":"closed","template":"","meta":{"footnotes":""},"class_list":["post-841","page","type-page","status-publish","hentry"],"_links":{"self":[{"href":"https:\/\/www.bendnijezanju.rs\/index.php\/wp-json\/wp\/v2\/pages\/841","targetHints":{"allow":["GET"]}}],"collection":[{"href":"https:\/\/www.bendnijezanju.rs\/index.php\/wp-json\/wp\/v2\/pages"}],"about":[{"href":"https:\/\/www.bendnijezanju.rs\/index.php\/wp-json\/wp\/v2\/types\/page"}],"author":[{"embeddable":true,"href":"https:\/\/www.bendnijezanju.rs\/index.php\/wp-json\/wp\/v2\/users\/1"}],"replies":[{"embeddable":true,"href":"https:\/\/www.bendnijezanju.rs\/index.php\/wp-json\/wp\/v2\/comments?post=841"}],"version-history":[{"count":3,"href":"https:\/\/www.bendnijezanju.rs\/index.php\/wp-json\/wp\/v2\/pages\/841\/revisions"}],"predecessor-version":[{"id":844,"href":"https:\/\/www.bendnijezanju.rs\/index.php\/wp-json\/wp\/v2\/pages\/841\/revisions\/844"}],"wp:attachment":[{"href":"https:\/\/www.bendnijezanju.rs\/index.php\/wp-json\/wp\/v2\/media?parent=841"}],"curies":[{"name":"wp","href":"https:\/\/api.w.org\/{rel}","templated":true}]}}